2?
8
What is the hundreds digit of 7023?
0
What is the tens digit of 195?
9
What is the hundreds digit of 17266?
2
What is the units digit of 187?
7
What is the units digit of 345?
5
What is the units digit of 527?
7
What is the ten thousands digit of 16327?
1
What is the hundreds digit of 197?
1
What is the thousands digit of 28944?
8
What is the tens digit of 5623?
2
What is the hundreds digit of 369?
3
What is the units digit of 8868?
8
What is the hundreds digit of 1139?
1
What is the hundreds digit of 108618?
6
What is the thousands digit of 1316?
1
What is the tens digit of 714?
1
What is the hundreds digit of 1620?
6
What is the tens digit of 449?
4
What is the hundreds digit of 11526?
5
What is the tens digit of 34096?
9
What is the thousands digit of 19657?
9
What is the units digit of 43180?
0
What is the tens digit of 24437?
3
What is the units digit of 5455?
5
What is the hundreds digit of 1463?
4
What is the tens digit of 19486?
8
What is the units digit of 12978?
8
What is the units digit of 1473?
3
What is the thousands digit of 13675?
3
What is the thousands digit of 42881?
2
What is the thousands digit of 49004?
9
What is the tens digit of 358?
5
What is the tens digit of 6205?
0
What is the thousands digit of 15239?
5
What is the hundreds digit of 13224?
2
What is the units digit of 635?
5
What is the thousands digit of 4251?
4
What is the ten thousands digit of 42036?
4
What is the ten thousands digit of 77711?
7
What is the thousands digit of 8623?
8
What is the tens digit of 237?
3
What is the hundreds digit of 9244?
2
What is the tens digit of 414?
1
What is the tens digit of 1387?
8
What is the hundreds digit of 16326?
3
What is the units digit of 393?
3
What is the thousands digit of 2049?
2
What is the thousands digit of 5749?
5
What is the units digit of 16968?
8
What is the tens digit of 1701?
0
What is the hundreds digit of 658?
6
What is the hundreds digit of 47644?
6
What is the units digit of 156819?
9
What is the tens digit of 1843?
4
What is the ten thousands digit of 11396?
1
What is the hundreds digit of 21648?
6
What is the hundreds digit of 2646?
6
What is the thousands digit of 14341?
4
What is the tens digit of 67980?
8
What is the hundreds digit of 953?
9
What is the units digit of 93478?
8
What is the hundreds digit of 53771?
7
What is the hundreds digit of 267?
2
What is the units digit of 1085?
5
What is the units digit of 30047?
7
What is the ten thousands digit of 19407?
1
What is the ten thousands digit of 17612?
1
What is the units digit of 1721?
1
What is the tens digit of 59483?
8
What is the tens digit of 4262?
6
What is the tens digit of 5152?
5
What is the hundreds digit of 19871?
8
What is the hundreds digit of 359?
3
What is the units digit of 690?
0
What is the units digit of 5435?
5
What is the hundreds digit of 3148?
1
What is the hundreds digit of 30256?
2
What is the tens digit of 33690?
9
What is the units digit of 1177?
7
What is the thousands digit of 41057?
1
What is the tens digit of 4578?
7
What is the units digit of 578?
8
What is the hundreds digit of 4213?
2
What is the thousands digit of 3801?
3
What is the units digit of 786?
6
What is the hundreds digit of 112089?
0
What is the thousands digit of 10377?
0
What is the tens digit of 45372?
7
What is the thousands digit of 7070?
7
What is the tens digit of 12484?
8
What is the units digit of 94?
4
What is the units digit of 787?
7
What is the thousands digit of 19735?
9
What is the ten thousands digit of 50024?
5
What is the hundreds digit of 70743?
7
What is the thousands digit of 16201?
6
What is the units digit of 3593?
3
What is the hundreds digit of 360?
3
What is the units digit of 675?
5
What is the tens digit of 41840?
4
What is the tens digit of 3173?
7
What is the units digit of 40272?
2
What is the units digit of 3411?
1
What is the units digit of 169837?
7
What is the thousands digit of 18395?
8
What is the units digit of 5817?
7
What is the hundreds digit of 69010?
0
What is the tens digit of 1683?
8
What is the tens digit of 126882?
8
What is the units digit of 262?
2
What is the tens digit of 59?
5
What is the units digit of 34468?
8
What is the units digit of 599?
9
What is the units digit of 19112?
2
What is the units digit of 3301?
1
What is the ten thousands digit of 11202?
1
What is the hundreds digit of 883?
8
What is the units digit of 4302?
2
What is the ten thousands digit of 20257?
2
What is the hundreds digit of 167?
1
What is the thousands digit of 15622?
5
What is the hundreds digit of 1408?
4
What is the ten thousands digit of 126223?
2
What is the units digit of 9555?
5
What is the hundreds digit of 20968?
9
What is the hundreds digit of 48618?
6
What is the units digit of 22?
2
What is the hundreds digit of 13198?
1
What is the units digit of 3410?
0
What is the tens digit of 1181?
8
What is the hundreds digit of 858?
8
What is the thousands digit of 2858?
2
What is the tens digit of 60765?
6
What is the ten thousands digit of 21073?
2
What is the units digit of 19935?
5
What is the tens digit of 55633?
3
What is the thousands digit of 96058?
6
What is the hundreds digit of 11255?
2
What is the tens digit of 570?
7
What is the tens digit of 3694?
9
What is the tens digit of 6724?
2
What is the hundred thousands digit of 142084?
1
What is the tens digit of 2864?
6
What is the units digit of 4480?
0
What is the tens digit of 57518?
1
What is the units digit of 11351?
1
What is the tens digit of 5655?
5
What is the tens digit of 2597?
9
What is the ten thousands digit of 10342?
1
What is the ten thousands digit of 134134?
3
What is the units digit of 30022?
2
What is the hundreds digit of 2316?
3
What is the units digit of 457?
7
What is the hundreds digit of 8606?
6
What is the thousands digit of 5649?
5
What is the thousands digit of 13838?
3
What is the units digit of 18356?
6
What is the hundred thousands digit of 142350?
1
What is the tens digit of 4858?
5
What is the thousands digit of 4126?
4
What is the units digit of 733?
3
What is the tens digit of 22004?
0
What is the ten thousands digit of 26468?
2
What is the thousands digit of 5654?
5
What is the units digit of 3192?
2
What is the hundreds digit of 26927?
9
What is the ten thousands digit of 51385?
5
What is the thousands digit of 6698?
6
What is the tens digit of 221?
2
What is the hundreds digit of 10672?
6
What is the hundreds digit of 6562?
5
What is the hundreds digit of 37169?
1
What is the tens digit of 131579?
7
What is the units digit of 89234?
4
What is the units digit of 2465?
5
What is the thousands digit of 1098?
1
What is the units digit of 33458?
8
What is the thousands digit of 2818?
2
What is the tens digit of 3848?
4
What is the hundreds digit of 20034?
0
What is the tens digit of 86721?
2
What is the ten thousands digit of 30956?
3
What is the thousands digit of 66377?
6
What is the tens digit of 2512?
1
What is the tens digit of 11069?
6
What is the hundreds digit of 26880?
8
What is the ten thousands digit of 58005?
5
What is the ten thousands digit of 11903?
1
What is the thousands digit of 7668?
7
What is the units digit of 1680?
0
What is the hundreds digit of 1076?
0
What is the hundreds digit of 85788?
7
What is the tens digit of 569?
6
What is the ten thousands digit of 129526?
2
What is the tens digit of 674?
7
What is the tens digit of 503?
0
What is the units digit of 74?
4
What is the units digit of 18711?
1
What is the tens digit of 3807?
0
What is the hundreds digit of 6428?
4
What is the units digit of 640?
0
What is the hundreds digit of 7791?
7
What is the tens digit of 1098?
9
What is the hundreds digit of 515?
5
What is the ten thousands digit of 15118?
1
What is the thousands digit of 29115?
9
What is the thousands digit of 2733?
2
What is the tens digit of 36931?
3
What is the ten thousands digit of 24238?
2
What is the units digit of 52250?
0
What is the hundreds digit of 21853?
8
What is the tens digit of 2374?
7
What is the hundreds digit of 16990?
9
What is the ten thousands digit of 62971?
6
What is the tens digit of 79?
7
What is the tens digit of 602?
0
What is the units digit of 1588?
8
What is the thousands digit of 36261?
6
What is the ten thousands digit of 16032?
1
What is the te